alue of -4 - 6 - (10 + -26)?
6
Evaluate (-23 - (15 + -52)) + (-18 - -3).
-1
Calculate 1 - ((0 + -8 - -6) + -11).
14
Calculate 20 - (32 - (3 - -7)).
-2
Calculate (14 - 0) + (30 - 42).
2
What is the value of 11 - (18 - 35) - -1?
29
What is 10 + (2 - (8 - 9) - 7)?
6
Calculate -1 - (5 + 1) - (0 + 4 + -22).
11
Evaluate -3 + -4 + -15 + 16.
-6
What is -4 - (2 + (0 - 1) + (-508 - -513))?
-10
Calculate (21 - 0) + 2 - 18.
5
What is (-30 - -5) + 39 - 17?
-3
(46 - 43 - 41) + 26
-12
-2 - 4 - -1 - (2 - -3)
-10
What is -69 + 77 + 9 + (-3 - (2 + -4))?
16
(8 + -11 - -3) + 2 + (-6 - -9)
5
What is the value of 51 + -23 + -7 - 34?
-13
What is 4 + (-7 - -18 - 22)?
-7
Calculate 1 - ((0 - (0 - -1)) + (77 - 88)).
13
Evaluate -8 - (0 + (8 - (14 - -3))).
1
Evaluate -32 + 33 - (4 - 17).
14
11 - ((10 - -1) + (-82 - -91))
-9
What is (11 - 5) + (-15 - (1 + 2))?
-12
What is the value of -7 + (18 - (21 + -12) - -20)?
22
What is the value of -21 - (27 + -26 + -26)?
4
Evaluate 3 + -7 - -10 - (-27 + 21).
12
Calculate (-20 - -26) + -18 + -12.
-24
Evaluate -1 - (-7 + 11) - ((0 - 1) + 0).
-4
Calculate 14 + 5 + (10 - 14 - -5).
20
What is the value of 27 - (42 - 31 - (7 + -5 - -16))?
34
-11 + 29 - (22 - 5)
1
Calculate -1 + 2 - ((-178 - -152) + 2 + 43).
-18
Evaluate 52 + -52 - ((-24 - 6) + 6).
24
What is 33 + (7 - 18) - (3 + 3)?
16
Calculate -24 - (10 - 8 - 10 - 6 - -7).
-17
-61 - (-15 - 29) - (0 + -6)
-11
Calculate (-10 - (4 + -7 - -4)) + -12.
-23
What is -49 - -26 - (-6 - 3)?
-14
(-35 - (-20 - 28)) + -27
-14
Calculate 16 + -19 + (3 - 0).
0
What is -5 - (5 - -2 - (41 + -39))?
-10
Calculate -40 - (0 + 13 + -39).
-14
-17 + 5 + 22 + -35
-25
What is the value of 37 + -30 - -6 - 39?
-26
Calculate 2 + -10 + 35 + -29 + 3.
1
(-7 - (33 + -14)) + 0
-26
Evaluate 1 + 1 + 3 + (41 - 15 - 23).
8
-6 + (-3 - (-7 - -9))
-11
What is -49 + 21 + 51 + -18?
5
What is -24 - (-27 + 21 + -3 + 12 - 9)?
-18
Evaluate 41 + -26 - (15 - 4).
4
Calculate 9 + -30 - (-18 + -1).
-2
What is the value of -2 + 2 + 22 + (241 - 243)?
20
What is the value of 8 + (-21 - (6 - 11)) - -2?
-6
What is the value of (-14 + 7 - -11) + -8?
-4
Calculate -1 + 0 + (28 - 20) + 6.
13
2 + 4 + -4 + (-7 - (-23 + 8))
10
What is 2 + 10 + (-25 - 5) + 30?
12
What is -17 + 10 - (-14 + 17)?
-10
What is (-5 - 0) + (33 - 23) + -15?
-10
15 - (15 + (0 - 2))
2
Calculate 0 + (14 - (5 + -4)) - 8 - 21.
-16
What is -25 + -6 + (-166 - -198)?
1
Evaluate 120 - 98 - (7 - -1 - -1).
13
What is 0 - (23 - -1) - ((-14 - 86) + 92)?
-16
What is the value of -17 - (-21 + 4 + (14 - -17))?
-31
Calculate -11 - (-13 + 5 - 18) - 23.
-8
Calculate (3 - (13 - 0)) + -3.
-13
Evaluate -5 - (9 + -41 - -19).
8
What is 9 + (2 - -1 - 14) + -1?
-3
-40 - -1 - (306 + -325)
-20
What is the value of (-5 - -1) + (29 - (-12 + 21 - -7))?
9
Evaluate 8 + (0 + 9 - 5) + -7 - 13.
-8
What is the value of -33 - -26 - (-12 + 1)?
4
Calculate 403 + -415 + 22 + 1.
11
9 + (12 - 18) + (-11 - 2)
-10
Evaluate -36 - (28 + -11 - 23).
-30
Calculate 13 + (-8 - 4) + 9.
10
Calculate -7 - (-7 - (-14 - -9)) - -12.
7
What is 75 - 97 - (2 + (3 - 11))?
-16
Evaluate -5 - ((8 - (7 - 1)) + 6 + -3).
-10
Evaluate -19 + 3 + -8 + 5 + -8.
-27
Calculate -7 + (29 - (1 + 14)).
7
(7 - (-2 - 4)) + (0 - 0) + 0
13
-21 - (3 - 4) - (0 - 6)
-14
(-3 - 8) + 28 + -12 - (-3 - 0)
8
-7 + 8 + -16 + 26
11
11 - 19 - -11 - 9
-6
6 - (5 - (6 - 15 - (0 - 0)))
-8
What is the value of (4 - (-1 + 5)) + 28 - 4 - 9?
15
(-12 - -15) + -8 - (-7 + -1) - 0
3
Calculate (17 - (8 - -19)) + 13.
3
14 - (24 + -11) - 8
-7
Evaluate -23 - -15 - ((-1 - -2) + -11) - 0.
2
Calculate 45 - (15 - -26) - (2 - 1) - -36.
39
-2 - (-1 + 4) - (1 - (5 + -2))
-3
Evaluate (2 - (-4 + 5 - 2)) + 162 + -136.
29
What is 41 + ((-6 - 8) + 6 + 17 - 19)?
31
What is the value of -1 + -16 + 27 + -1 + -31 - -3?
-19
What is the value of -2 - (8 - 9) - -9?
8
What is the value of (-21 - -1) + -95 + 102?
-13
(3 - 10 - -5) + -25 - (-7 - -9)
-29
What is -1 + (2 - -1 - (-7 - (-3 - 19)))?
-13
What is -1 - (0 + 8 - (-45 - -49)) - -11?
6
What is 5 - -7 - 4 - 9?
-1
146 + -154 + -8 + -1 - -11
-6
What is the value of -3 - (27 + -46 + (9 - -1))?
6
-18 + 39 + 15 + (18 - 33)
21
Evaluate -657 + 654 - (2 - (21 - (0 - 1))).
17
-36 - (-11 - 8 - -7)
-24
Calculate (19 - 62) + 23 + 6.
-14
Evaluate (0 - 16 - -2) + (-2501 - -2544).
29
What is 27 + 4 - (24 - (-5 + 16))?
18
What is 216 + -212 + (1 + 0 + -3 - 2)?
0
Calculate 0 - 17 - (-517 + 505).
-5
What is the value of (1 - (-3 - -5)) + 5 + 1 + -19?
-14
What is (3 - 10 - 2) + 3?
-6
What is (9 + -6 + 0 - 4) + (-1 - -1)?
-1
Calculate 14 - (16 - (19 - 15)).
2
Calculate -16 - (-12 + 1 + 19 + -13).
-11
7 + 9 + 4 - 7
13
6 - ((5 + -3 - 14) + 40)
-22
9 - ((-225 - -220) + (8 + 0 - -3))
3
Calculate (3265 - 3284) + (-1 - 16).
-36
Calculate -12 - ((-9 - 0) + -3 - 2).
2
Evaluate 24 - 1 - (240 - 239) - 12.
10
What is the value of 4 + -19 + 11 - (-34 - -2)?
28
-4 + 23 - ((-5 - (-16 + 6)) + -2)
16
What is the value of 37 + (-31 - -10) + 23?
39
What is (1 - 7 - -1) + (-10 - -6)?
-9
Evaluate 5 + (1 - (-4 - (2 - 6))) + -15.
-9
(10 - -5) + 0 - 8
7
What is the value of (-9 - (-4 - 1)) + -3 - (2 + -10)?
1
What is the value of (0 - (-12 - 3)) + 2 + (-13 - -7)?
11
What is the value of (-19 - 0) + -13 + 21?
-11
What is 21 - 2 - (-2 - (-10 - (3 - 5)))?
13
What is the value of (49 - (-1 - -16)) + -25?
9
Calculate -7 + (-3 - -8 - -1).
-1
Evaluate -6 + 1 + -1 + -5.
-11
What is -3 - ((1 - -17 - 20) + 1 + 7)?
-9
What is -12 - -29 - 20 - -20?
17
What is the value of -18 + 25 + -34 + 33?
6
Evaluate -7 + (19 + (-5 - 5) - 3).
-1
-32 + (-7 - -70) - 55
-24
(-1 - 3 - (0 + 2 + -1)) + 4
-1
17 + -1 + (-38 - -8) + -10
-24
Evaluate -415 - -426 - (-2 + 4).
9
What is the value of (-1 - -5) + -21 + 14 + -18?
-21
Evaluate 8 - (5 + -6) - 1.
8
What is the value of 2 - (-18 - -33 - 24)?
11
Evaluate -35 + 49 + (0 - 16).
-2
What is the value of -29 - (-54 + 22) - 21?
-18
What is the value of -13 - -12 - (4 + -3 + 0) - 5?
-7
What is 5 - (5 + (-17 - -18) - 14)?
13
12 - 7 - (3 + -4 + -3 + 0)
9
2 - (0 - 5 - 4 - (-11 + 4))
4
Evaluate 0 - 5 - (32 + (3 - 5) + -13).
-22
What is -3 + -22 + 12 + 16?
3
What is 0 + -2 + -59 + 68 + -17?
-10
What is 1 + 13 - (-181 + 187)?
8
Calculate -4 - ((-5 - -3) + -8) - 22.
-16
What is 7 - (-15 + 19) - (0 - 1)?
4
What is the value of (-10 - -5) + 24 + -16 - 38?
-35
What is (-16 - 1) + (-2 + 9 - -1)?
-9
What is -5 - (-7 + (24 - 48))?
26
Evaluate 8 - (1 + (11 + 6 - -5)).
-15
Evaluate 2 - 22 - (-4 - 11).
-5
What is the value of -6 - (22 - -7 - 33)?
-2
What is (-4 - 29 - -22) + 4 + -7?
-14
Calculate 1 - (4 + 15) - -7.
-11
-29 - (-13 + -5 - -5)
-16
Calculate 38 - (16 + (-17 - (8 + (-23 - -10)))).
34
Evaluate 10 + -9 + 12 + -12 - -5.
6
What is (9 + -4 - 18) + 16?
3
Evaluate (-16 - -15) + 3 + -5 + -2 - -26.
21
Evaluate 27 + -23 + 8 - (11 + -1) - -31.
33
What is the value of 23 - 33 - (2 + -36)?
24
What is 3 + (0 - 16) + 27?
14
What is -1 - (-13 + 3 + -6 - (2 + 3))?
20
What is the value of 2 + 7 - (4 - 12 - -14)?
3
What is (5 - 53 - -63) + -40 + 1?
-24
What is the value of ((6 - -1) + -9 - 11) + (-3 - 5)?
-21
What is the value of (10 - -3) + 8 + -36 + 17?
2
What is the value of 2 + -4 + 1 + -29 + 35?
5
Calculate 2 + (-4 - (32 - 7)).
-27
What is 78 + -80 + 2 + -2?
-2
What is -8 - -12 - -34 - (-23 + 32)?
29
Calculate (-8 - (-22 - -14)) + 11.
11
Calculate 20 - 19 - (-1 - (-11 + 0)).
-9
What is the value of 2 + -18 + (5 - 1) + 2?
-10
Evaluate -29 - ((-18 - -12) + (-1 - -10)).
-32
What is the value of -23 + (3 - -37) + -2?
15
Calculate 20 - 24 - -12 - (-1 - 0) - 27.
-18
3 + -4 - (-10 + 3 + -15 + 5)
16
-1 + 4 - 10 - (-5 - 4)
2
What is -8 + -1 + 1 + 5 + -25 + 18?
-10
What is 1 - -9 - ((0 - 3) + -17 + 29)?
1
2 + -22 - (274 - 289)
-5
What is the value of (0 + -1 - 4) + 304 + -302?
-3
What is (-7 - (-14 - (-4 - 2))) + 4?
5
-3 - (10 + (-6 - (-3 - -7 - 7)))
-10
Calculate -4 - -1 - (-3 - (6 + 12 - 3)).
15
Calculate 1 + ((20 - 12) + -1 + -37 - -5).
-24
What is 2 + (3 + 8 - 21)?
-8
Calculate (-1 - 0 - (15 + 4)) + 13 + -8.
-15
What is (-25 - -12) + 10 + -2?
-5
Calculate 16 - (-11 + -4 + 4 - -45).
-18
Evaluate 2 + -7 + 14 + (-10 - 9 - -9).
-1
Evaluate (13 - 14) + 25 + -20.
4
Calculate 28 - (9 + (-10 - -11)) - 4.
14
-20 + 39 + (-11 - 12)
-4
What is the value of -160 + 173 + 2 + -29 - -22?
8
What is the value of -15 +